2*k - s. Calculate the greatest common factor of k and 12.
12
Let x be ((-4422)/(-24))/(-11)*8. Let c = x + 142. Suppose 0 = -2*j + r + 79 + 100, -r = 3. What is the greatest common factor of c and j?
8
Suppose 7*h - 2*h = 45*h - 22840. What is the greatest common factor of 1 and h?
1
Let q = 1338 + -865. What is the greatest common factor of q and 187?
11
Suppose 0 = 13*g - 7 - 357. Suppose r = 2*w + 4055, 3*r + 2 = 17. Let a be 1/(-2) + w/(-18). What is the highest common divisor of g and a?
28
Let p(c) = -c**2 + 38*c - 189. Let q be p(32). Suppose 0 = -5*g + v + 274, 2*g - 6*g + 223 = q*v. What is the highest common factor of g and 715?
55
Suppose -2*b + 10*k = 12*k - 354, 4*k = 5*b - 867. Calculate the highest common factor of b and 1085.
35
Let c = -7 + 29. Suppose 4*n = 2*a + c, -10*a + 12*a + 12 = 2*n. Calculate the highest common divisor of 40 and n.
5
Let i(h) = h**2 + 23*h + 48. Let j be i(-18). Let r = 114 + j. Let o = -22 - -31. What is the highest common factor of o and r?
9
Suppose 2*p - 16 - 136 = 0. Suppose -3*b + 135 = -4*f, 4*f + 1247 = 7*b + 884. What is the greatest common factor of p and b?
19
Suppose -2*i - 5210 = -5*q, 2*q - 1035 - 1049 = 2*i. Suppose q + 2542 = 16*c. What is the greatest common divisor of c and 14?
14
Suppose -48*p = 16*p - 22*p - 1344. Let b = -150 + 246. Calculate the greatest common divisor of b and p.
32
Let m be ((-105)/(-63))/(2*(-2)/(-12)). Let h be -5*(m + -3 - 1074/15). Calculate the highest common divisor of h and 12.
12
Let a(j) = -2*j - 7. Let l be a(-6). Let s = -256 + 292. Let d be (s/3 - 2)*1. Calculate the greatest common factor of d and l.
5
Let x(f) = 40*f**2 + 343*f - 11. Let n be x(-9). What is the greatest common factor of 2627 and n?
71
Let l(b) = -2*b**3 - 6*b**2 + 17*b - 9. Let q(o) = o**2 + 2*o - 21. Let y be q(-5). Let m be l(y). What is the greatest common factor of 180 and m?
15
Let r(v) = -462 + 8*v - v**2 - 589 + 1148. Let z be r(-6). Calculate the highest common factor of 117 and z.
13
Suppose 0 = -113*d + 79*d + 1836. Calculate the highest common divisor of d and 3546.
18
Suppose -7593*p + 7588*p - 5*h + 74250 = 0, -3*p + 2*h = -44520. What is the greatest common divisor of 12 and p?
12
Let s(z) = 15*z - 13*z + 6*z**2 + 17*z - 62. Let l be s(4). Calculate the greatest common factor of l and 10.
10
Let v = 248 + 526. Calculate the highest common divisor of 594 and v.
18
Let z = 12413 + -10266. Calculate the highest common factor of z and 38.
19
Suppose 4*c - 23090 = -3*n, -131*n + 134*n = -3*c + 23082. What is the greatest common divisor of 108 and n?
18
Suppose 80*k = 47*k + 2475. Calculate the highest common factor of k and 425.
25
Let j = 1021 - 985. Let u = 621 + -540. What is the highest common factor of u and j?
9
Let j be 1*-2 - ((-18342)/6 + -1). Suppose 2*l + j = 10*l. Let k = -158 + l. What is the greatest common divisor of 28 and k?
28
Suppose 1870 = 4*x + 6*j, -9*x + 2351 = -4*x + 3*j. What is the highest common divisor of 2950 and x?
118
Suppose 0 = -359*m + 363*m - 548. Suppose o + 3*x = m, -12*o + 16*o + 5*x = 562. What is the greatest common divisor of 13 and o?
13
Let u be (87372/918 - 47) + 9/(-51). Let t = 15 - 73. Let a be t/(-7) + 2/(-7). Calculate the highest common factor of a and u.
8
Let j be 4 + (-13)/(13/(-2)). Let z be 275 + (1/3 - (-28)/j). Calculate the highest common divisor of z and 112.
56
Suppose -3*c - 2*g = g + 30, 0 = 2*c + g + 23. Let o(k) = -3*k - 17. Let x be o(c). Let r = 160 + 38. What is the greatest common factor of r and x?
22
Let x(k) = 175*k + 2322. Let q be x(92). What is the highest common factor of 61 and q?
61
Suppose 0 = -2*x - 129 + 479. Let p = -493947 + 493982. Calculate the greatest common divisor of p and x.
35
Let c be -7 + 1 + (-27)/(-3). Suppose -3*t + 81 = 4*y, -4*t + 74 = -c*y - 34. Calculate the greatest common factor of t and 351.
27
Let h(x) = -2*x**2 + 67*x - 329. Let o be h(6). What is the greatest common divisor of o and 199?
1
Let p = -4 + 9. Suppose 293 = p*g - 547. Calculate the greatest common divisor of g and 24.
24
Suppose 0 = 6*k - 13*k - 924. Let d be (k/(-7))/(-4*3/(-252)). Suppose 0 = 5*x - 7*x + d. What is the highest common divisor of 18 and x?
18
Let t be (10/4)/((-155)/(-7998)). Calculate the highest common divisor of t and 731.
43
Suppose 2*z - 245 = -25. Suppose -726 = -4*r - 30. Let h = r + -152. Calculate the greatest common divisor of h and z.
22
Let h be 0 + 0 - (-37 + 4). Let g(j) = j**3 + 31*j**2 + 97*j + 1208. Let y be g(-29). Calculate the greatest common divisor of h and y.
11
Suppose -5*s - 15 = -5*w, -23*s = -29*s + 5*w - 6. Let m(i) = -5 + 1 - 3 + i**2. Let h be m(5). Calculate the greatest common divisor of s and h.
9
Let r be (-7)/(-4) + 4*6/(-32). Let v = 20 + -1. Let t be 20 + v - (1 - r). Calculate the highest common divisor of 65 and t.
13
Let o(t) = -6*t**3 + 2*t**2 + 68*t + 16. Let m be o(-7). Calculate the greatest common factor of 53 and m.
53
Let q be ((-135)/10 - -7)/((-15)/(-6) - 3). Calculate the highest common divisor of 1664 and q.
13
Suppose f + 4*x - 71 = 0, -329 - 30 = -9*f - x. Calculate the highest common factor of 533 and f.
13
Suppose 4*c + 214 = 2*i, -i = 4*i + 5*c - 520. Let p(a) = 105*a - 40. Let h be p(2). Let f = 205 - h. What is the greatest common factor of f and i?
35
Suppose -172*w = -165*w - 70. Calculate the greatest common divisor of 22 and w.
2
Let k(z) = -z**3 - 33*z**2 - 73*z - 56. Let r be k(-31). Suppose d = -w + 2*w + 14, 3*d = -5*w + 50. What is the highest common divisor of r and d?
15
Suppose 25*j + 26*j - 5355 = 0. What is the highest common divisor of 2373 and j?
21
Let z = 4281 + -4073. Calculate the greatest common divisor of z and 592.
16
Let g(f) = 13*f - 54. Let u be g(6). Let w = 23 - 10. Suppose 0 = -a - 2*a - 4*i + u, 3*i - w = -a. What is the greatest common factor of 12 and a?
4
Let k be 29 - 16 - 16 - (-49 - -1). What is the highest common divisor of 34560 and k?
45
Suppose -2*g + 280 = -3*j, 143 = -1768*g + 1769*g - j. Calculate the greatest common factor of 66901 and g.
149
Let g(s) = 5*s**2 - 12. Suppose -6*l = -9*l + 354. Let i = l - 124. Let u be g(i). Calculate the highest common divisor of u and 21.
21
Let b = 78 - 73. Suppose 2*d + q = -3*d - 12, d + 12 = -b*q. Let a be (d + 24/15)/((-10)/250). Calculate the greatest common divisor of 30 and a.
10
Let w(i) = 2*i**3 + 92*i**2 + 22*i - 258. Let a be w(-45). What is the greatest common divisor of 30 and a?
6
Let f(a) = -a**3 + 12*a**2 + 8*a - 46. Let d be f(12). Suppose -o + 190 = -5*b - d, -3*o + 777 = 4*b. What is the greatest common factor of 204 and o?
51
Let y = 301 - 291. Let h = 11 - -1. Suppose 5*m = 2*m - 2*f + 20, 0 = 2*m + f - h. What is the greatest common divisor of m and y?
2
Let h be ((-104)/(-16))/((-2)/172). Let t = 1021 + h. Let b(a) = a**3 - 4*a**2 + 2*a + 7. Let m be b(5). What is the highest common factor of t and m?
42
Suppose 10*l - 19*l + 497880 = 9*l. Calculate the greatest common divisor of l and 60.
60
Suppose -17 = -5*f + 3. Suppose -10 = -0*c - 5*c + 2*q, 2*q + f = 2*c. Let i = 7 + 1. Calculate the highest common factor of i and c.
2
Let q be (60 + 2)/((10 - 0)/30). Calculate the greatest common divisor of 93 and q.
93
Let g = 619 - -198. What is the greatest common factor of 86 and g?
43
Suppose 3*l - 108 = -3*b, -61*l + 236 = -56*l - 3*b. Calculate the highest common factor of l and 13373.
43
Suppose -47*d = 8*d - 5*d - 6500. What is the highest common divisor of 1456 and d?
26
Let r(l) = -l**3 - 3*l**2 + 2*l - 92. Let b be r(0). Let m be (-8)/(-1) + b/46. Calculate the greatest common divisor of 12 and m.
6
Suppose -5*x + 2*j = -74 - 1378, -3*x - 4*j = -866. Suppose x = 4*o - 1022. What is the highest common factor of 8 and o?
8
Let i be ((-921)/(-2))/((-20)/40). Let r = -893 - i. What is the highest common factor of 6 and r?
2
Suppose -c - 988 = -4*w, -5*w + 660 = -5*c - 575. What is the greatest common divisor of w and 143?
13
Let y(v) = v**2 - 11*v - 118. Let m be y(-10). Calculate the greatest common factor of m and 8.
4
Let u be (-27)/(-594)*22 + 2506/2. What is the highest common factor of 76 and u?
38
Suppose y + 784 - 870 = -2*d, 2*d = -5*y + 422. Calculate the highest common divisor of y and 812.
28
Let h be 2/19 + ((-112)